, -5*q = 3*n + n - 27. What is the units digit of q?
7
Let o = -129 - -222. What is the units digit of o?
3
Suppose -830 = -10*n + 650. What is the hundreds digit of n?
1
What is the units digit of 11/(-55) + (-36)/(-5)?
7
Suppose -s + 6 = 2*s. What is the tens digit of (s/(-5))/((-1)/30)?
1
Suppose 424 = 2*x + 5*q, -x + 2*q = q - 198. What is the units digit of x?
2
Let d = 26 - 14. Let f = d - 3. What is the units digit of f?
9
Let y = 9 + 100. What is the tens digit of y?
0
Let a(n) = -2*n + 10. Let c be a(5). Suppose 4*s - 49 = t, -3*t + 29 = 4*s - c*t. What is the tens digit of s?
1
Suppose -5*s = 25, 5 = -5*f - 9*s + 4*s. Let o be (-3)/f + 99/(-12). Let d = -4 - o. What is the units digit of d?
5
Let n(k) = -k**2 + 3*k - 1. Suppose -5*o + 0*o + 5*g = 0, -2*o - 5*g = -28. Let s be n(o). Let x = -1 - s. What is the units digit of x?
4
Let w(g) = g**2 + 8*g + 9. Let q be w(-7). Suppose q*j - 4*r = -14, -j + 2*r - 4 = j. Suppose -m + 16 = j*m. What is the units digit of m?
4
Let b(o) = 2*o - 8. Let f be b(6). Suppose 0 = -2*s - f + 2. Let w = 3 + s. What is the units digit of w?
2
Let n(x) = -4*x + 1 + 1 + 2*x + 8*x**2 - 1. What is the units digit of n(1)?
7
Let s be (-50)/(-18) - (-4)/18. Suppose s*h = 2*h. Suppose 28 = -h*k + 2*k. What is the units digit of k?
4
Suppose 1 + 8 = a + 3*b, 0 = a - 5*b + 23. What is the tens digit of (-6)/(-4)*(-22)/a?
1
Let j(p) be the second derivative of -p**4/12 - 11*p**3/6 - 7*p**2/2 - 4*p. Let w be j(-10). Suppose -w*i = -i - 22. What is the units digit of i?
1
Let u(p) = -p**2 + 8*p + 12. Suppose -3*q + 4*q - 5*d = 29, 5*q + 2*d = 37. What is the units digit of u(q)?
3
Let c be -1*(3 - 2) + -13. What is the units digit of c/(-6) - 6/(-9)?
3
Suppose 3*o + 4*p - 4 = 0, 2*o - 3*p - 6 = 8. Suppose 3*a - o*v = 24 + 109, -v - 4 = 0. What is the units digit of a?
9
Let b be (-8)/(-6) + 5/(-15). What is the tens digit of (39/(-6))/(b/(-2))?
1
Let i(q) = q**2 - 3*q - 1. Let l be i(4). Let g be (-7)/(-3) + (-1)/l. Suppose g*p - 1 - 1 = 0. What is the units digit of p?
1
Let y be (-2)/(-12) - 25/6. What is the units digit of (20/6)/(y/(-6))?
5
Let s = 0 - 11. Let z be (-2 + 0)*(2 - 1). Let t = z - s. What is the units digit of t?
9
Let x(d) = -11*d + 11. Let v(o) = 7*o - 7. Suppose -2*p - 25 = 3*p. Let n(s) = p*x(s) - 8*v(s). What is the units digit of n(-4)?
5
Suppose -3*g + c = 1, -4*c - 2 + 6 = 2*g. Suppose -n + 0*n + 1 = g. What is the units digit of n?
1
Let i be (-16)/(-6)*15/10. Suppose 4 = -2*c - i. Let t(d) = d**2 + 2*d - 3. What is the units digit of t(c)?
5
Suppose -k = -3*k + 100. Suppose 4*q = -q + k. What is the units digit of q?
0
Suppose 4*q + 25 - 289 = 0. What is the tens digit of q?
6
Suppose 4*g = 2*k + 154, -128 = -g - 2*g - k. What is the units digit of g?
1
Suppose 3*b = -5*i - 52, -2*i - b = 3*i + 44. Let q = 20 + -9. Let s = q + i. What is the units digit of s?
3
Suppose -4 = 2*s, -3*s - 2*s + 42 = i. Suppose 3*g + g - i = 0. What is the units digit of g?
3
Suppose 2*c = 80 + 74. What is the tens digit of c?
7
Let h = -60 + 111. What is the tens digit of h?
5
Let b = -42 + 232. What is the units digit of b?
0
Let c(a) = -2*a**2 - 3*a - a**3 + 4*a**3 - 4*a**3. Let u be c(-2). Suppose 2 = -2*n + u. What is the units digit of n?
2
Let a = -62 + 43. Let b = a - -29. What is the units digit of b?
0
Let i(t) = 40*t**3 + 10*t**2 - 4*t. Let f(a) = -13*a**3 - 3*a**2 + a. Let n(o) = 7*f(o) + 2*i(o). What is the units digit of n(-1)?
1
Let c = 172 + -124. What is the tens digit of c?
4
Suppose 66 + 30 = 3*x. What is the tens digit of x?
3
Let k(o) = o - 8. Let y = 28 + -17. Let r be k(y). Suppose 4*m - 5*h - 9 = 5, r*m + 3*h = -3. What is the units digit of m?
1
Suppose -3*f + 34 = 7. What is the tens digit of ((-6)/f)/((-6)/117)?
1
Let u = 12 + 94. What is the units digit of u?
6
Let u(z) = 7*z - z**2 + 6 - 3*z + z. Let i be u(7). Let c = -6 - i. What is the units digit of c?
2
Let l(j) = 6*j**3 - j**2 + 1. Let p be l(2). Let a = p + -12. What is the units digit of a?
3
Let t(l) = -l**3 + l**2 + 3*l + 1. Let u(g) = g**3 - 2*g**2 - 3*g - 1. Let j(s) = 3*t(s) + 2*u(s). What is the tens digit of j(-3)?
1
Let b = 79 - 78. Suppose 6*u = 4*u + 8. Suppose -2*t - 12 = -3*h + b, -u*h - 6 = 2*t. What is the units digit of h?
1
Suppose -5*j + 40 = 15, -2*s - 2*j + 808 = 0. What is the units digit of s?
9
Let k = -55 + 123. What is the tens digit of k?
6
Let f = 29 + -21. Suppose -75 = 3*y - f*y. What is the units digit of 5 + 5/(y/(-6))?
3
Suppose -3*r = -4*r. What is the tens digit of (-26)/2*-1 - r?
1
Let n(c) be the first derivative of c**2 + 4*c - 2. What is the tens digit of n(6)?
1
Let v(q) = 158*q**2 - 4*q - 5. What is the units digit of v(-1)?
7
Let r = -2 - 1. Let u = r - -7. Suppose -l + 2 = -u. What is the units digit of l?
6
Let u(y) = y**2 - y - 9. What is the units digit of u(8)?
7
Let n(j) = -3 + j + 3*j - 6*j + j**2. What is the tens digit of n(6)?
2
Suppose -5*r + 85 = -5*i, 4*i = r + 9 - 38. What is the units digit of r?
3
Let v(y) = 5*y**3 - y**2 + y. Let q be v(1). Let u = -33 + 36. Suppose -23 = 4*l - 7, -q*p + u*l = -57. What is the units digit of p?
9
Let j(t) = 3*t**3 - t**2. Let s be j(1). Let g(z) = 0*z**2 + 2*z + 3*z**2 - 2 - 1. What is the units digit of g(s)?
3
Suppose 5*u = -2*h - 2*h - 80, 4*h + 20 = 0. Let i = u + 27. What is the tens digit of i?
1
Let i be (-516)/(-108) - (-4)/18. Suppose -i*f + 18 = -5*p - 17, p = 5*f - 43. What is the units digit of f?
9
Let l = 166 - 67. What is the tens digit of l?
9
Suppose 4*n - 3*a + 4 = 0, -4*a + 6 = -4*n + 2. What is the units digit of -2*(-17)/(-2)*n?
7
Suppose -4*j - 3 + 15 = 0. Suppose -41 = -j*b + 19. What is the units digit of b?
0
Let r(h) = -h**3 + 14*h**2 - 2*h - 19. What is the units digit of r(13)?
4
Let h be (-2)/(-11) + 6/(-33). Suppose 4*f = -s + 63, 0 = -5*s - h*s - 5. What is the units digit of f?
6
Suppose r - 3*l = 43, 0*r + l - 179 = -3*r. What is the units digit of r?
8
Suppose 4*p - 141 = 387. Suppose 5*m + z = p + 118, -5*m = -z - 250. What is the tens digit of m?
5
Suppose 0*n - 3*n = -948. What is the tens digit of n?
1
Let j be ((-6)/3 + 1)*-85. Let y = j - 55. What is the units digit of y?
0
Suppose 2*z - 10 = -3*z. Suppose 7 = -z*c - 2*m - 9, -3*c - 5*m = 28. Let h(n) = n**3 + 6*n**2 - n + 1. What is the units digit of h(c)?
7
Suppose -105 = -0*n + 5*n. Let o = n - -33. Suppose o = 5*k - k. What is the units digit of k?
3
Let z be (-2)/4 + 2/4. Let p(j) = -j**2 + j + 18. What is the tens digit of p(z)?
1
Suppose 5*r - 45 - 5 = 0. Let u be (3/(-2))/(3/(-20)). Suppose 0 = j + 2*m, 4*j - 2*m - u = r. What is the units digit of j?
4
Suppose -7*j + 878 = 4*l - 9*j, -25 = -5*j. What is the tens digit of l?
2
What is the units digit of (-5 + (-26)/8)/((-6)/32)?
4
Suppose 0*x - x + 2 = 0. Suppose 0 = -t + 1, x*t = q - 3 + 5. Suppose 27 = -q*l + 3*l. What is the units digit of l?
9
Let o = 139 + 18. What is the units digit of o?
7
Let o(c) = c**3 + 7*c**2. Let a be o(-7). Let z be 2 + 0 - a/(-2). Suppose -5 = -z*y + 5. What is the units digit of y?
5
Suppose -4*j + 5*p = -213, -4*p = -0*j + 3*j - 183. What is the units digit of j?
7
Let s(u) = -u**2 + 14*u - 9. What is the units digit of s(11)?
4
Suppose -7*b = 6*b - 4940. What is the hundreds digit of b?
3
Suppose 3*o = -2*f - 7, -4*o + 2 + 12 = -2*f. Let q(v) = -v**3 - v**3 + 3*v**3 - 6*v + 4*v**2. What is the units digit of q(f)?
5
Suppose 4*a - 3 = -15. What is the units digit of -1 + 6 - (5 + a)?
3
Let x = -47 + 82. Suppose c - x = 5*j, 3*c + 3*j = 3 + 12. What is the units digit of c?
0
Let p = -5 - -4. Let k be 2*(4 + p + 2). Let l = 21 - k. What is the tens digit of l?
1
Let r be 6/(-18) + 7/3. Let g(d) = -6 + 2*d - 2*d - r*d. What is the units digit of g(-5)?
4
Let w(r) = 6*r - 14. What is the units digit of w(20)?
6
Let b = -1 - 0. Let r = -1 - b. Suppose r*y + 1 = y. What is the units digit of y?
1
Let h be ((-3)/9)/(4/84). Let y(g) = -5*g - 3. What is the tens digit of y(h)?
3
Suppose 7 = -3*v - 4*r, -3*r + 2*r - 13 = -3*v. Suppose 6*z - 27 = 3*z - 3*j, v*z - 30 = -4*j. Let l = 4 + z. What is the units digit of l?
0
Suppose 6 = 4*u - 10. Let i = u + 3. Suppose 5*v + 13 = 2*d, 3*d = -4*v - v + i. What is the units digit of d?
4
Suppose b - 102 - 106 = -